--
-- Host: localhost    Database: Tienda_Moda
-- ------------------------------------------------------


--
-- Table structure for table `Articles`
--

DROP DATABASE IF EXISTS Tienda_Moda;
CREATE DATABASE Tienda_Moda;
USE Tienda_Moda;

CREATE TABLE `Articles` (
  `idArticle` int(11) NOT NULL AUTO_INCREMENT,
  `Name` varchar(45) NOT NULL,
  `Description` varchar(255) DEFAULT NULL,
  `Stock` int(11) NOT NULL,
  `Category` int(11) NOT NULL,
  PRIMARY KEY (`idArticle`),
  KEY `Category_idx` (`Category`),
  CONSTRAINT `Category` FOREIGN KEY (`Category`) REFERENCES `Categories` (`idCat`) ON DELETE NO ACTION ON UPDATE NO ACTION
) ENGINE=InnoDB AUTO_INCREMENT=14 DEFAULT CHARSET=utf8mb4;

--
-- Dumping data for table `Articles`
--

INSERT INTO `Articles` VALUES (1,'Pantalon Levi\'s','Pantalon Levi\'s 501 color azul',37,1),(2,'Camisa Lacoste','Camisa amarilla de la marca Lacoste',16,2),(3,'Camiseta Pepe Jeans','Camistea básica Pepe Jeans color azul',5,4),(4,'Pantalon Docker','Pantalon marron claro Docker fit',27,1),(5,'Pantalón Pepe Jeans','Pantalón Pepe Jeans Blanco talla 34',15,1),(6,'Camisa de Flores','Camisa de Flores de la marca Selected',60,2),(7,'Camiseta Nike','Camiseta nike basica Logo de Nike',3,4),(8,'Zapato de vestir','Zapato de vestir marca Camper',98,3),(9,'Camiseta CK','Camiseta Calvin Klein negra ',50,4),(10,'Camisa de vestir mangas largas','Camisa de la marca Levi\'s de Mangas largas color blanca',20,2),(11,'Pantalón corto tipo bermudas','Pantalón CK tipo bermudas',24,1),(12,'Pantalón de seda','Pantaón de seda color verde',9,1),(13,'Pantalón cdorto tipo pirata','Pantalón tipo pirata color naranja',10,1);

--
-- Table structure for table `Categories`
--

CREATE TABLE `Categories` (
  `idCat` int(11) NOT NULL AUTO_INCREMENT,
  `Name` varchar(45) NOT NULL,
  `Description` varchar(255) DEFAULT NULL,
  PRIMARY KEY (`idCat`)
) ENGINE=InnoDB AUTO_INCREMENT=6 DEFAULT CHARSET=utf8mb4;

--
-- Dumping data for table `Categories`
--

INSERT INTO `Categories` VALUES (1,'Pantalones','Todos los pantalones que hay en la tienda'),(2,'Camisas','Todas las camisas de cualquier marca que hay en la tienda'),(3,'Calzados','Todos los calzados que hay en stock en la tienda'),(4,'Camisetas','Todos las camisetas de cualquier marca que hay en la tienda'),(5,'Ropa de abrigo','Toda la ropa de abrigo que hay en la tienda');

--
-- Table structure for table `Orders`
--

CREATE TABLE `Orders` (
  `idOrder` int(11) NOT NULL AUTO_INCREMENT,
  `Customer` int(11) NOT NULL,
  `Article` int(11) NOT NULL,
  `Units` int(11) DEFAULT '1',
  PRIMARY KEY (`idOrder`),
  KEY `Customer_idx` (`Customer`),
  KEY `Article_idx` (`Article`),
  CONSTRAINT `Article` FOREIGN KEY (`Article`) REFERENCES `Articles` (`idArticle`) ON DELETE NO ACTION ON UPDATE NO ACTION,
  CONSTRAINT `Customer` FOREIGN KEY (`Customer`) REFERENCES `Customers` (`idCustomer`) ON DELETE NO ACTION ON UPDATE NO ACTION
) ENGINE=InnoDB AUTO_INCREMENT=24 DEFAULT CHARSET=utf8mb4;

--
-- Dumping data for table `Orders`
--

INSERT INTO `Orders` VALUES (13,2,3,2),(14,2,8,1),(15,2,10,3),(16,1,4,4),(17,1,2,6),(18,2,5,1),(19,3,7,5);


